hat is the remainder when l(-5) is divided by o(8)?
26
Suppose -2*s - 10 = 0, 0*k - k = s + 1. Suppose 0 = 2*b - 3*u, 6 = -k*b - 2*u + 38. Suppose -262 = -45*q + 188. What is the remainder when q is divided by b?
4
Suppose x - 1043 + 135 = -4*u, 3*x + 681 = 3*u. Let j = -409 + u. Let h = j - -258. What is the remainder when h is divided by 27?
22
Suppose 81*u = 184*u - 100116. Calculate the remainder when u is divided by 14.
6
Let b = 16 + -9. Let l(p) = 2*p**3 - 13*p**2 + 6*p - 8. Calculate the remainder when l(b) is divided by 7.
6
Let s(a) = a**3 - 58*a**2 - 457*a - 11. What is the remainder when 152 is divided by s(-7)?
2
Let d = -13972 + 15294. What is the remainder when d is divided by 661?
0
Let h(x) = x**2 - 3*x + 5. Suppose 5*k = -40, 7*a - 2*a - k = 823. What is the remainder when a is divided by h(5)?
13
Let s be (-34 - 1 - 1)*31126/(-632). Calculate the remainder when s/12 - (-72)/(-96) is divided by 28.
7
Suppose -179*n + 176*n + 4*j = -1026, -3*n - 3*j = -1005. Calculate the remainder when n is divided by 313.
25
Suppose -3*j = -4*o - 0*j + 5, 3*j + 3 = 3*o. Let r(i) = -i**3 + 113. What is the remainder when r(0) is divided by (o + -4)/(42/(-609))?
26
Let k = 9 - -4. Let m = 311 - 306. Suppose 4*j - 3*j - 118 = 2*g, m*j - 4*g = 578. Calculate the remainder when j is divided by k.
10
Let v = -81 - -134. Let b(y) = -y**2 - 72*y + 8290. What is the remainder when b(-132) is divided by v?
52
Let a(f) = -f**2 - 4*f - 1. Let y be a(-2). Let v be (-78)/(-91)*14/y. Suppose -79 = -v*z + 1. Calculate the remainder when 34 is divided by z.
14
Let r(c) = 2*c + 4. Let z = 38 + -33. Let y(f) = 3*f + 7. Let g(w) = z*r(w) - 3*y(w). What is the remainder when 46 is divided by g(13)?
10
Let m = -12500 - -19411. What is the remainder when m is divided by 144?
143
Let f be 0 - 0 - 3 - (-1 + -5). Suppose -4*v + 3*r + 471 = -47, r - 395 = -f*v. Calculate the remainder when v is divided by 15.
11
Suppose 14*a = 9*a - 4*x + 13656, x - 8195 = -3*a. What is the remainder when a is divided by 45?
32
Let s(i) = 5*i**2 - 38*i + 20. Suppose 10*u = -11 + 101. What is the remainder when s(u) is divided by 2 + 6*5/2?
15
Let o(u) = 2*u + 21. Let f = 14 - 24. Let v be o(f). Calculate the remainder when ((-167)/4)/(v/(-4)) is divided by 21.
20
Suppose g - 151 - 262 = -n, 0 = g - 3. What is the remainder when 438 is divided by n?
28
Let h(c) = -4*c - 42. Let r be h(14). Let u = -29 - r. Calculate the remainder when u is divided by 24.
21
Suppose 3*s - b - 3 = 9, 0 = -b. Suppose -2*d - 4*p + 36 = -0*p, -5*p - 7 = -s*d. What is the remainder when 117 is divided by -20*((-6)/(-9) - d/3)?
37
Suppose -2*f + 3*k + 303 = 2, 2*k + 10 = 0. Let r = -133 + f. Calculate the remainder when 66 is divided by r.
6
Let q = 883 - 813. Calculate the remainder when 547 is divided by q.
57
Suppose 0 = -3*p + 2*p - 4. Let j = p - -4. Suppose j = 4*t + 6*t - 70. What is the remainder when 19 is divided by t?
5
Suppose -4*g = 48*l - 49*l + 78, 5*g = -20. Calculate the remainder when 191 is divided by l.
5
Suppose 2*g - 10 - 26 = 10. Calculate the remainder when 1561 is divided by g.
20
Suppose -b = 4, t + 4 = -5*b - 19. Suppose 0 = 2*n - 5*n + 30. Calculate the remainder when (-18)/(-12)*(-58)/t is divided by n.
9
Suppose 0 = -10*k + 483 - 63. What is the remainder when k is divided by 2?
0
Let j = 13114 - 12978. Calculate the remainder when 8023 is divided by j.
135
Let z be (-9)/(-2)*(-20)/(-15). Let l(s) = z*s - 3*s**2 + 11*s**2 + 6 + s**2. What is the remainder when l(-2) is divided by 9?
3
Let l be (1 + -1)*7*8/168. Let v be l/(1/(0 + 1)). Calculate the remainder when (v - -69) + 1/(4 - 3) is divided by 19.
13
Let j(k) = -11*k - 30. Suppose 13*r - 3 = 16*r. Let v(a) = -a + 1. Let t(n) = r*j(n) + v(n). What is the remainder when t(10) is divided by 33?
32
Let x = -4170 - -4429. Let z = -15 + 41. What is the remainder when x is divided by z?
25
Let s = -290 - -464. Suppose 2*d + d = s. Suppose -3*g + d = 5*q, q - 55 = -5*g + 27. Calculate the remainder when 78 is divided by g.
14
Suppose g + 4*z + 20 = -0*g, 2*g + 2*z + 10 = 0. Suppose 28*d - 1862 - 826 = g. Calculate the remainder when 281 is divided by d.
89
Let c(w) = 3*w + 59. Suppose 22*z + 117 = -125. Let o = 149 + -50. What is the remainder when o is divided by c(z)?
21
Suppose 3*l = 4*y - 237, 235*l = 4*y + 237*l - 242. Calculate the remainder when 2302 is divided by y.
22
Calculate the remainder when 204 is divided by 3828/22 + (0 - -11).
19
Let g(i) = -186*i + 210. What is the remainder when g(-3) is divided by 152?
8
Let o = -63 + 188. Let a(j) be the second derivative of 7*j**3/6 - 45*j**2/2 + 6*j + 2. What is the remainder when o is divided by a(9)?
17
Let o = 2072 + -1998. What is the remainder when 253 is divided by o?
31
Suppose -112*t + 997 = -108*t - 3*i, 4*t = -2*i + 1002. What is the remainder when 1501 is divided by t?
1
Suppose 5*d - d = -5*c + 18, -2 = 3*d - 4*c. Suppose 0 = -2*r - 3*r + 45. What is the remainder when 462/28 - 1/d is divided by r?
7
Suppose -4*v + 19 + 29 = 0. Calculate the remainder when ((-70 - -12) + 46)/(3/(-5)) is divided by v.
8
Let x(f) be the third derivative of -f**5/30 - 17*f**4/12 + 16*f**3/3 + 163*f**2. Calculate the remainder when 126 is divided by x(-16).
62
Calculate the remainder when 986 is divided by 16 + 584/(-40) - (1086/(-10) + -1).
98
Let s(b) = -26*b**3 + b**2 + 48*b + 86. What is the remainder when 12725 is divided by s(-2)?
201
Let m(u) = u**2 - 11*u - 42. Let h be m(12). What is the remainder when (-686)/h + 14/105 is divided by 6?
5
Let v be (2/(-6))/(-3*5/135). Let s = v - -2. Suppose -3*g - s = 2*q - 25, -2*q + 2*g + 30 = 0. Calculate the remainder when 116 is divided by q.
12
Let n = -1348 - -661. Let r = n + 741. What is the remainder when 202 is divided by r?
40
Suppose 36*y + 35*y = 62*y. Suppose -17*i = -y*i - 4522. What is the remainder when i is divided by 92?
82
Let n be (-420)/(-231) + 2/11. Suppose 7*m - 33 = -z + n*m, 0 = -2*z + 3*m + 118. Suppose -6*w = -5*w - 14. What is the remainder when z is divided by w?
11
Let h = 178 - 204. Let r(u) = -2*u**2 - 51*u + 44. Suppose -4*d + 74 = -5*w - 42, 3*d + 5*w = 122. What is the remainder when d is divided by r(h)?
16
Suppose 0 = -2*q - 5*k + 76, -12*q + 4*k = -15*q + 114. What is the remainder when 4/6*1845/10 is divided by q?
9
Let n = -69 - -39. Let c = n - -21. Let x = 12 - c. What is the remainder when 145 is divided by x?
19
Let t = 85 - 55. Suppose -39*d + t*d + 567 = 0. What is the remainder when d is divided by -5*(1 + 54/(-10))?
19
Let g(t) = t**3 + 11*t**2 + 3*t + 14. Let h be g(-10). Suppose -2*k - h = 5*l - 3*k, -k = -4. Let v = 45 - l. What is the remainder when v is divided by 8?
5
Suppose -5*t - 4*x + 85 = -3*x, 59 = 4*t - x. Let i(c) = 70*c - 2531. Calculate the remainder when i(43) is divided by t.
15
Suppose -27*j + 11040 = 69*j. What is the remainder when 366 is divided by j?
21
Suppose 55 + 4235 = -11*v. What is the remainder when 109 is divided by (-1 - 4/(-6))/(13/v)?
9
Suppose n - 5*n + 5*a - 1288 = 0, -2*a - 1610 = 5*n. Calculate the remainder when (6/(-18))/((-17)/2703) is divided by n/(-12) + (-4)/(-24).
26
Let r = -3705 - -3710. Calculate the remainder when 53 is divided by r.
3
Let s(q) = -q**2 + 40*q - 229. What is the remainder when 268 is divided by s(12)?
54
Let b = -94 - -96. Let s(o) = 8*o**3 - 2*o**2 - 2*o + 1. Suppose -p + 10 = -9. What is the remainder when s(b) is divided by p?
15
Calculate the remainder when -1429*(-2)/(-10)*10/4*-4 is divided by 10.
8
Suppose -80*n = -2*t - 79*n + 103, -4*n - 4 = 0. Calculate the remainder when t is divided by ((-1)/2)/(1/(-38)).
13
Suppose -67*c + 56 = -60*c. Let l = -1 + 4. Suppose -57 - 6 = -l*r. What is the remainder when r is divided by c?
5
Let p = -121 - -137. What is the remainder when 160 is divided by p - 11 - (-1 + -17)?
22
What is the remainder when 797 is divided by (-64780)/(-400) - (-1)/20?
149
Let y = -4 - -13. Let o(f) = -5*f**2 + 12*f - 1. Let j be o(5). Let k = -42 - j. Calculate the remainder when k is divided by y.
6
Suppose 4*v - 6*v + 78 = 0. Let w = 37046 + -36971. Calculate the remainder when w is divided by v.
36
Suppose -2*f = 2*j - 26, -3*j - 1 + 8 = -f. Suppose 5*x + 0*x - 5*l - 10 = 0, 4*x - 1 = -3*l. What 